Let t(r) = -r**3 - 110*r**2 + 1968*r + 11621. Calculate t(-125).
-4
Let j(t) = -6*t**2 + 9857*t - 39413. Calculate j(4).
-81
Let v(s) = -290*s**2 + 1117*s + 1118. Calculate v(-1).
-289
Let l(b) = -4*b**3 - 198*b**2 - 108*b - 453. What is l(-49)?
37
Let t(j) = -j**3 + 9*j**2 + 90*j + 321. Calculate t(17).
-461
Let r(q) = 1744*q**2 + 573753*q - 7569. Give r(-329).
-2
Let b(n) = 2*n**3 + 24*n**2 + 861*n + 9233. Give b(-11).
4
Let a(l) = 62665*l - 1566615. Give a(25).
10
Let p(y) = -724*y + 13733. What is p(19)?
-23
Let q(c) = -c**2 + 11*c + 15301. Give q(-118).
79
Let p(i) = 2*i**3 - 448*i**2 + 14463*i - 6113. What is p(185)?
-8
Let v(w) = -13*w**3 - 326*w**2 + 7*w + 60. Determine v(-25).
-740
Let v(n) = n**3 - 13*n**2 - 9815*n - 29316. What is v(-3)?
-15
Let a(z) = -14*z**2 + 1548*z - 3833. Determine a(108).
55
Let p(x) = -4*x**2 - 1963*x - 88135. Give p(-50).
15
Let u(s) = 150212*s - 1652302. What is u(11)?
30
Let f(y) = 13145*y - 683548. Calculate f(52).
-8
Let k(w) = w**3 - 135*w**2 - 693*w + 1075. Calculate k(140).
2055
Let q(x) = -22*x**2 + 27*x - 40. Determine q(1).
-35
Let r(i) = 33*i**3 + 8873*i**2 - 1170*i - 25277. What is r(-269)?
9
Let l(p) = 4*p**3 + 178*p**2 + 871*p + 493. Determine l(-39).
-14
Let z(d) = -d**3 + 49*d**2 + 1295*d + 56. Give z(-19).
-1
Let d(r) = -4081*r - 293755. What is d(-72)?
77
Let a(n) = n**3 - 28*n**2 - 129*n + 1943. What is a(30)?
-127
Let l(d) = -3729*d + 339297. Determine l(91).
-42
Let x(m) = 48*m - 2772. Give x(35).
-1092
Let x(f) = 5*f**3 - 133*f**2 - 17*f - 122. Determine x(27).
877
Let a(o) = -216*o**2 - 3765*o - 1552. Calculate a(-17).
29
Let h(y) = 4*y**2 - 15569*y + 155461. What is h(10)?
171
Let u(z) = 3*z**2 + 5*z - 2368. Determine u(-30).
182
Let a(b) = b**3 + 28*b**2 + 5930*b + 166047. Calculate a(-28).
7
Let v(i) = 477*i**2 + 60289*i + 23549. Determine v(-126).
-13
Let g(m) = 5*m**2 + 69*m - 10. Determine g(-15).
80
Let r(u) = u**3 - 71*u**2 + 48*u - 2940. What is r(72)?
5700
Let m(g) = -4*g**2 + 204*g - 1597. What is m(8)?
-221
Let a(r) = r**3 + 28*r**2 - 1546*r - 41543. Calculate a(-26).
5
Let n(g) = 7107*g - 191915. Calculate n(27).
-26
Let i(v) = -9045*v + 72. Determine i(0).
72
Let y(c) = 36*c**2 + 206*c - 71. Calculate y(-6).
-11
Let n(m) = -8583*m + 51248. Determine n(6).
-250
Let t(x) = 6563*x - 19801. Give t(3).
-112
Let m(u) = -49589*u - 3372045. What is m(-68)?
7
Let j(o) = 32*o**2 + 48*o + 210. Give j(-5).
770
Let j(d) = -d**2 - 3*d + 28312. What is j(-170)?
-78
Let a(i) = 3*i**2 - 567*i - 12497. Calculate a(205).
-2657
Let x(v) = 2*v**3 + 255*v**2 - 4558*v + 27942. Determine x(-144).
6
Let u(f) = f**3 - 19*f**2 + 144*f - 1532. What is u(16)?
4
Let k(l) = -2315*l**3 - l**2 - 527*l + 527. What is k(1)?
-2316
Let y(j) = -10*j**3 + 338*j**2 - 586*j + 334. What is y(32)?
14
Let j(v) = -4*v**2 - 1505*v + 4554. Give j(3).
3
Let m(n) = -14*n**3 + 3544*n**2 - 497*n - 2276. What is m(253)?
1
Let x(l) = -6972*l - 495000. Calculate x(-71).
12
Let q(o) = 2*o**3 - 36*o**2 + 246*o - 1493. Determine q(13).
15
Let r(d) = -d**3 - 5*d**2 - 332*d - 1995. What is r(-6)?
33
Let r(a) = -576*a + 870. Determine r(3).
-858
Let h(x) = 10776*x + 140322. Determine h(-13).
234
Let h(n) = -2013538*n - 10067697. What is h(-5)?
-7
Let c(m) = m**2 + 56*m + 53. What is c(-49)?
-290
Let w(h) = -2283*h - 1971. Calculate w(-2).
2595
Let x(k) = -195*k - 2095. Calculate x(-15).
830
Let j(p) = -47*p**3 + 17*p**2 + 30*p - 57. What is j(2)?
-305
Let u(y) = -y**3 + 40*y**2 + 7*y - 244. What is u(41)?
-1638
Let d(t) = -4*t**2 + 15327*t + 76674. What is d(-5)?
-61
Let o(a) = -a**3 - 14*a**2 + 102*a + 18. What is o(8)?
-574
Let j(p) = -p**3 + p**2 - 4710*p + 33270. Give j(7).
6
Let r(k) = -k**2 - 1614*k - 57248. What is r(-36)?
-440
Let t(p) = 6*p**2 - 137142*p + 685694. Calculate t(5).
134
Let t(i) = 41499*i + 4108392. What is t(-99)?
-9
Let d(a) = -1884*a - 81031. Give d(-43).
-19
Let k(h) = 4*h**2 - 1194*h - 351156. Calculate k(481).
-26
Let t(a) = -2046*a - 25854. Calculate t(-12).
-1302
Let p(r) = -74442*r + 223324. Give p(3).
-2
Let g(p) = -2*p**3 - 127*p**2 + 137*p + 4688. Calculate g(-64).
16
Let c(r) = -215804*r - 647341. Give c(-3).
71
Let w(k) = 8*k**2 - 1827*k + 9568. Give w(223).
-21
Let f(n) = 2*n**3 + 26*n**2 - 31*n + 167. Determine f(-14).
209
Let o(u) = -29036*u - 755010. Give o(-26).
-74
Let c(g) = -g**3 - 32*g**2 - 208*g - 70. Determine c(-7).
161
Let z(n) = -2*n**2 - 1153*n + 17724. Calculate z(15).
-21
Let x(b) = -96*b - 2366. Calculate x(-31).
610
Let v(u) = 2*u**2 + 617*u + 50055. Determine v(-179).
3694
Let o(g) = -2*g**3 - 9*g**2 + 922*g + 6494. What is o(-7)?
285
Let m(i) = 187*i + 7158. What is m(-48)?
-1818
Let q(v) = -1352*v - 261003. Determine q(-193).
-67
Let c(r) = r**3 + 1136*r**2 - 24291*r - 33. Give c(21).
93
Let j(c) = -3*c**3 + 141*c**2 + 19*c - 634. Give j(47).
259
Let q(b) = -227*b + 11119. Give q(39).
2266
Let w(z) = -372*z**2 - 49855*z - 930. What is w(-134)?
8
Let g(l) = l**3 + 285*l**2 - 230*l - 65550. Determine g(-285).
0
Let r(d) = -6254*d - 2251427. What is r(-360)?
13
Let h(n) = -12*n**3 + 62*n**2 - 253*n + 4. What is h(4)?
-784
Let w(a) = -15561*a - 31168668. What is w(-2003)?
15
Let n(r) = 1016*r - 605472. Determine n(596).
64
Let l(f) = -f**3 - 18*f**2 - 29*f - 104. Calculate l(-15).
-344
Let k(u) = 42*u**2 + 855*u - 601. Determine k(-21).
-34
Let b(k) = 134*k**2 + 193*k - 1598. Determine b(3).
187
Let k(w) = -w**3 - 344*w**2 + 38553*w + 6925. Calculate k(-433).
-3
Let d(o) = 18752*o - 1086901. What is d(58)?
715
Let o(i) = -4*i**2 + 456*i + 4949. Give o(124).
-11
Let v(t) = -379*t + 27316. What is v(72)?
28
Let g(y) = -103*y**2 - 3243*y - 1542. Give g(-31).
8
Let a(q) = q**2 + 960*q + 25833. Give a(-28).
-263
Let z(m) = 6*m**3 - 35*m**2 - 137*m + 802. What is z(6)?
16
Let i(p) = 1274441*p - 3823326. Determine i(3).
-3
Let k(b) = -2*b**2 - 105*b + 3643. Calculate k(37).
-2980
Let b(i) = -i**3 - 6*i**2 - 151*i - 882. What is b(-5)?
-152
Let j(z) = 207*z**2 + 264*z - 2219. What is j(-4)?
37
Let g(j) = -2435*j + 27336. Calculate g(10).
2986
Let s(p) = -105*p**2 - 630*p - 42. Determine s(-6).
-42
Let v(k) = -2*k**3 - 293*k**2 - 430*k + 177. Calculate v(-145).
-548
Let w(k) = -23448*k + 188160. Give w(8).
576
Let d(h) = 52*h**3 + 6*h**2 + 15*h - 31. What is d(3)?
1472
Let h(f) = 834*f**2 - 1939*f + 520. Give h(2).
-22
Let f(z) = z**3 + z**2 + 3234*z - 19644. Determine f(6).
12
Let x(k) = 2*k**2 - 93*k + 1042. Give x(26).
-24
Let n(a) = 4*a**3 - 23*a**2 - 477*a + 20. Calculate n(-9).
-466
Let w(k) = k**2 + 450*k + 23954. Determine w(-62).
-102
Let o(r) = -2*r**2 + 16454*r + 247133. Determine o(-15).
-127
Let o(w) = w**3 - 20*w**2 - 155*w - 170. What is o(-5)?
-20
Let u(k) = -3*k**3 - 44*k**2 - 140*k - 141. Determine u(-2).
-13
Let q(u) = -u**3 + 2049*u**2 - 46603*u - 52. Determine q(23).
-167
Let b(d) = -165*d - 25487. Calculate b(-154).
-77
Let n(b) = -b**3 + 745*b**2 + 5294*b - 22516. Calculate n(752).
44
Let h(n) = 4359*n - 344334. Determine h(79).
27
Let c(o) = 2042*o - 134850. Give c(66).
-78
Let y(s) = s**3 - 126*s**2 + 136*s - 2406. What is y(125)?
-1031
Let u(y) = -39*y**2 - 167*y + 768. Calculate u(5).
-1042
Let j(q) = -q**3 + 28*q**2 - 81*q + 367. What is j(22)?
1489
Let i(r) = -55*r**2 - 1291*r - 7296. Determine i(-14).
-2
Let a(p) = -4*p**2 - 4606*p + 60551. Calculate a(13).
-3
Let z(i) = 1455*i + 25152. Determine z(-17).
417
Let a(j) = 2*j**3 + 551*j**2 + 238*j - 8438. Determine a(-275).
1737
Let q(c) = -162*c**2 + 744*c + 2219. What is q(-3)?
-1471
Let c(d) = d**3 - 16*d**2 - 160*d - 9. Determine c(23).
14
Let l(o) = -3*o**3 - 35*o**2 + 69*o + 1175. Give l(-10).
-15
Let s(c) = -21321*c - 916793. Calculate s(-43).
10
Let a(w) = 1188*w + 7606. Calculate a(-7).
-710
Let s(b) = -b**3 + 449*b**2 + 8881*b - 199. Calculate s(-19).
10
Let l(s) = 2*s**3 + 490*s**2 - 18350*s - 456. Calculate l(-278).
100
Let n(a) = -9104*a + 63735. Calculate n(7).
7
Let l(x) = 2*x**2 - 262*x + 4200. What is l(96)?
-2520
Let v(x) = -4091*x + 36763. Determine v(9).
-56
Let t(v) = -2572*v + 136245. Give t(53).
-71
Let c(d) = 18391*d - 18486. Give c(1).
-95
Let h(q) = -q**3 - 82*q**2 + 2*q + 890. What is h(-82)?
726
Let n(h) = 119*h + 13776. Calculate n(-124).
-980
Let r(c) = -2*c**3 - 3*c**2 + 1